{"id":447,"date":"2026-05-13T08:40:41","date_gmt":"2026-05-13T07:40:41","guid":{"rendered":"https:\/\/www.drk-bad-hoenningen.de\/?page_id=447"},"modified":"2026-05-13T08:44:55","modified_gmt":"2026-05-13T07:44:55","slug":"kleiderkammer-2","status":"publish","type":"page","link":"https:\/\/www.drk-bad-hoenningen.de\/?page_id=447","title":{"rendered":"Kleiderkammer"},"content":{"rendered":"\n<h3 class=\"wp-block-heading has-text-align-center\">Aktuelle Schlie\u00dfung der Kleiderkammer des DRK Ortsverein Bad H\u00f6nningen aufgrund schwieriger Entsorgungssituation<\/h3>\n\n\n\n<p>Aufgrund der aktuellen, schwierigen Entsorgungssituation unbrauchbarer Altkleider bleibt die Kleiderkammer des DRK Ortsverein Bad H\u00f6nningen bis auf weiteres geschlossen. Wie der Ortsverein mitteilt, k\u00f6nnen derzeit weder Kleidungsst\u00fccke angenommen noch Altkleider entsorgt oder abgegeben werden.<\/p>\n\n\n\n<p>Der Ortsverein verweist auf die bekannten Ver\u00e4nderungen im Umgang mit Altkleidern. Diese haben in den vergangenen Monaten zu erheblichen Belastungen gef\u00fchrt. Zudem hat die Menge an abgegebenen Kleidern deutlich zugenommen, w\u00e4hrend gleichzeitig die M\u00f6glichkeiten zur Sortierung und Weiterverarbeitung begrenzt sind.<\/p>\n\n\n\n<p><strong>Dringende Bitte an die Bev\u00f6lkerung:<\/strong> Der Ortsverein bittet die Bev\u00f6lkerung ausdr\u00fccklich darum, derzeit keine Kleiderspenden am Ortsverein abzustellen. Unkontrollierte Ablagerungen f\u00fchren zu zus\u00e4tzlichen Problemen und verursachen hohe Entsorgungskosten.<\/p>\n\n\n\n<p><strong><kbd>Ausblick:<\/kbd> <\/strong>Wann die Kleiderkammer ihren Betrieb wieder aufnehmen kann, ist derzeit noch offen. Der Ortsverein hofft jedoch, mittelfristig eine L\u00f6sung zu finden und die Einrichtung wieder f\u00fcr die Bev\u00f6lkerung \u00f6ffnen zu k\u00f6nnen. Bis dahin wird um Verst\u00e4ndnis und Unterst\u00fctzung gebeten.<\/p>\n\n\n\n<p><\/p>\n","protected":false},"excerpt":{"rendered":"<p>Aktuelle Schlie\u00dfung der Kleiderkammer des DRK Ortsverein Bad H\u00f6nningen aufgrund schwieriger Entsorgungssituation Aufgrund der aktuellen, schwierigen Entsorgungssituation unbrauchbarer Altkleider bleibt die Kleiderkammer des DRK Ortsverein Bad H\u00f6nningen bis auf weiteres geschlossen. Wie der Ortsverein mitteilt, k\u00f6nnen derzeit weder Kleidungsst\u00fccke angenommen noch Altkleider entsorgt oder abgegeben werden. Der Ortsverein verweist auf die bekannten Ver\u00e4nderungen im Umgang &hellip; <a href=\"https:\/\/www.drk-bad-hoenningen.de\/?page_id=447\">Continued<\/a><\/p>\n","protected":false},"author":1,"featured_media":0,"parent":0,"menu_order":0,"comment_status":"closed","ping_status":"closed","template":"","meta":{"footnotes":""},"class_list":["post-447","page","type-page","status-publish","hentry"],"_links":{"self":[{"href":"https:\/\/www.drk-bad-hoenningen.de\/index.php?rest_route=\/wp\/v2\/pages\/447","targetHints":{"allow":["GET"]}}],"collection":[{"href":"https:\/\/www.drk-bad-hoenningen.de\/index.php?rest_route=\/wp\/v2\/pages"}],"about":[{"href":"https:\/\/www.drk-bad-hoenningen.de\/index.php?rest_route=\/wp\/v2\/types\/page"}],"author":[{"embeddable":true,"href":"https:\/\/www.drk-bad-hoenningen.de\/index.php?rest_route=\/wp\/v2\/users\/1"}],"replies":[{"embeddable":true,"href":"https:\/\/www.drk-bad-hoenningen.de\/index.php?rest_route=%2Fwp%2Fv2%2Fcomments&post=447"}],"version-history":[{"count":8,"href":"https:\/\/www.drk-bad-hoenningen.de\/index.php?rest_route=\/wp\/v2\/pages\/447\/revisions"}],"predecessor-version":[{"id":460,"href":"https:\/\/www.drk-bad-hoenningen.de\/index.php?rest_route=\/wp\/v2\/pages\/447\/revisions\/460"}],"wp:attachment":[{"href":"https:\/\/www.drk-bad-hoenningen.de\/index.php?rest_route=%2Fwp%2Fv2%2Fmedia&parent=447"}],"curies":[{"name":"wp","href":"https:\/\/api.w.org\/{rel}","templated":true}]}}